l be (-6)/(-14) + 66/s. Let g(x) = x**2 - 3*x + 3. What is g(l)?
1
Let b(w) be the second derivative of -w**7/2520 - w**6/360 - w**5/60 + w**4/2 - 14*w. Let s(t) be the third derivative of b(t). What is s(-2)?
-2
Let k(y) = 78*y + 2*y**2 - 228*y + 74*y - 1 + 81*y. Calculate k(-4).
11
Let n(o) = -o**3 + 7*o**2 - 3*o - 3. Let w be n(2). Suppose -w*m + 3*m = 56. Let b(v) = -2*v - 8. Determine b(m).
6
Let s(i) = 2*i**2 - 3*i - 2. Let b(v) = 3*v**2 - 5*v - 4. Suppose 64*c - 60*c = -20. Let y(a) = c*s(a) + 3*b(a). What is y(-2)?
-6
Let t(z) = -2*z - 14. Let a(s) = s + 7. Let o(l) = 9*a(l) + 4*t(l). Suppose 2*k - 66 = 2*r + 6, 2*k = -4*r + 90. Let f = k + -44. What is o(f)?
2
Let j(y) = y**2 - y + 1. Let k(a) = a**2 - 5*a**2 - 11*a**2 - 3*a - 3 + 5*a. Let w(f) = -2*j(f) - k(f). Let n be (3*4/3)/4. What is w(n)?
14
Let f(r) = 5*r - r**2 - r**3 + 2 - 4*r**2 - 3. Suppose -5*w - 11 = -1, 5*o + 2*w - 21 = 0. Suppose -16 - 14 = o*d. What is f(d)?
5
Let a(j) be the first derivative of -j**3/3 + 2*j - 13. Calculate a(4).
-14
Suppose 0 = -2*q - 4*y + 14 + 4, 2*q + y = 9. Let w(b) = -9 - 7 + 12 + 2 + b. Give w(q).
1
Suppose -5*g + 7*g - 12 = 0. Let a(s) be the first derivative of s**3/3 - 7*s**2/2 + 7*s - 2. Determine a(g).
1
Let l(v) = -3*v. Suppose 4*o + 6*k = 2*k + 56, 5*k = 3*o - 74. Let h = o + 32. Let s be h/13 + (-2)/(-13). What is l(s)?
-12
Let p(q) = -3*q**2 + 3*q + 1. Suppose 0 = 103*t - 99*t + 12. What is p(t)?
-35
Let f(j) be the second derivative of -j**7/840 + j**6/40 - j**5/15 + j**4/24 - 3*j**3 + 19*j. Let x(i) be the second derivative of f(i). Determine x(8).
1
Suppose 13*l = -137 - 149. Let z = -23 - l. Let g(k) = -22*k - 1. Calculate g(z).
21
Let h(c) = 2*c - 3. Let d be ((-36)/7)/12*(1 - 8). Determine h(d).
3
Let a(u) = -2*u**3 - u**2 - 2*u - 1. Suppose -j - 3*l - 16 = 0, -24*j + 28*j + 29 = -5*l. Determine a(j).
2
Let o(z) = z**3 - 10*z**2 + 4*z - 2. Let g be o(10). Let b = 34 - g. Let a be (-9)/2 + b/8. Let d(y) = y**2 + 8*y + 6. Give d(a).
-9
Let n(b) = -4*b - 4. Suppose 84 = 92*i - 71*i. Determine n(i).
-20
Suppose -6*c + 4*c + 12 = 0. Let u be 1/(-3) - (-354)/(-18). Let j be 8/u - c/10. Let w(f) = 11*f - 1. Give w(j).
-12
Let s = 16 - 13. Suppose 4*q = -3*t - 13, -s*t + 3*q + 15 = -0*q. Let g = -3 - t. Let h(o) = o + 5. Calculate h(g).
1
Let d(h) = -h**2 - 64*h - 555. Let x be d(-10). Let u(s) = -s**3 + 15*s - 14*s**2 + 2 + 3*s**3 - 3*s**3. What is u(x)?
2
Let c(a) = a**2 - 2*a - 1. Let g be c(3). Suppose -3*x = -2*k + 19, 0 = -k - 3*k - 2*x - g. Let t(b) = 2*b**3 - 2*b**2 - 2*b. Determine t(k).
4
Let n(v) = v**2 + 11. Suppose -o = 5*u + 2 - 1, 2 = -u - 2*o. Let w = u + 2. Suppose -w*l = -l. Determine n(l).
11
Let s(a) = 4*a**2 + 6*a + 3 - 7*a**2 + 2*a**2. Let x(z) = -3*z - 6. Let y = -25 - -21. Let b be x(y). Calculate s(b).
3
Let o(h) = -3*h**3 - 2 - h**2 - 11*h - 25*h**3 - 7*h**3 + 9*h. Give o(-1).
34
Let k(s) be the third derivative of -1/60*s**5 + 28*s**2 + 0 + 13/120*s**6 - 1/12*s**4 - 1/6*s**3 + 0*s. Determine k(-1).
-13
Let a = -597 - -602. Let q(n) = n. What is q(a)?
5
Let a be -3*(28/6)/(-7). Let k(j) = 2 - 2 + 1 + 5*j + a. Give k(3).
18
Let q(y) = -y**3 + 5*y**2 - 2*y - 4 + 3*y**2 + 0*y**3 + 12*y**2 - 15*y**2. Determine q(4).
4
Let z(l) = -l**3 + 11*l**2 - 10*l + 11. Let y = -1330 - -1340. Give z(y).
11
Let r(w) = -w**3 - 4*w**2 + w - 1. Let j be 15/(-6)*(1 + -3). Suppose 4*z - 16 = 6*z - 2*y, y = j. Determine r(z).
-13
Suppose 0 = -7*p + 2*p + 110. Suppose 0 = -5*i + 4*b - p, -5*b + 11 = 4*i - 2*i. Let f(k) = -1 - 60*k - 47*k + 2*k**2 + 105*k. Calculate f(i).
11
Let a(z) = -7*z + 1. Let p = -756 - -759. Calculate a(p).
-20
Let k(p) = -p**2 + 8*p + 4. Suppose -10 - 5 = -5*c. Suppose w = -c*w - 3*l + 35, 3*w - 22 = 2*l. Determine k(w).
4
Suppose -6*r - 2860 = -2818. Let v(j) = -j + 1. Calculate v(r).
8
Suppose -5*p + 3*n = -22, -p = -45*n + 43*n - 3. Let i(x) = -x**2 + 11*x - 19. Determine i(p).
11
Let l(g) = -g**2 - 3. Let d be l(0). Let s = 1 - d. Suppose w + s*w = -j - 22, -2*w - 16 = -2*j. Let m(c) = -c**2 + 6*c + 2. Give m(j).
11
Let d(n) be the first derivative of -n**5/60 + 3*n**4/8 - 5*n**3/3 - n**2 - 1. Let m(g) be the second derivative of d(g). Give m(7).
4
Let k(g) = -3*g + 4*g + 4*g**2 + 7 + 976*g**3 - 975*g**3. Determine k(-4).
3
Let i(k) = k**3 - 7*k**2 - k - 1. Let w be i(7). Let y be (w/(-3) - 3)*6. Let x(t) be the second derivative of -5*t**3/6 - 3*t**2/2 - 14*t. Calculate x(y).
7
Let h(m) = 4*m - 45. Let z(t) = -t + 11. Let g(a) = 2*h(a) + 9*z(a). Give g(10).
-1
Let z(b) = -4 - 2 + 9 - 1 - b**2 + 4*b. Suppose 0*x - 2*x + 4 = 0. Suppose 30 = 5*a - m, -5*m = -x*a + a + 30. What is z(a)?
-3
Let m(a) be the third derivative of 1/24*a**4 - 29*a**2 + 2 + 0*a - 1/6*a**3. Calculate m(5).
4
Let z = 60 + -49. Let m(x) = z + 4 - 16 - x. Calculate m(-4).
3
Let i(r) = -r**2 - r - 1. Let l(z) = 2*z**2 + 2*z + 1. Let g(f) = -5*i(f) - 3*l(f). Determine g(5).
-28
Suppose 439*x - 438*x = -5. Let j(n) = n**3 + 3*n**2 - 11*n - 9. What is j(x)?
-4
Let l(a) = -1092*a**2 + 0 + a + 541*a**2 + 2*a**3 + 546*a**2 - 4 - 3*a**3. What is l(-6)?
26
Let g(b) = -3*b. Suppose 0 = -2*y - 0*r - r - 45, 5*r = -2*y - 49. Let k be -1 - 1339/(-65) - 6/10. Let f = k + y. Give g(f).
9
Let q(p) = 2*p**2 - 3*p - 3. Let m(x) = x**2 - 2*x - 1. Let b(i) = 5*m(i) - 2*q(i). Calculate b(5).
6
Let a(o) = 3*o**2 - o**3 - 7 - 9*o**2 + 0*o**3 - o**2 - 3*o + 0*o. Let g = -25 + 18. Give a(g).
14
Let w(b) = 4*b - 7. Let l(n) = 7*n - 13. Let q(g) = 3*l(g) - 5*w(g). Let s be q(7). Let v(k) = 0 - 2 - 2 + s*k + 5. Give v(-2).
-5
Let j(g) be the second derivative of -g**6/180 - g**5/120 - 17*g**3/6 + 20*g. Let s(k) be the second derivative of j(k). What is s(-2)?
-6
Let g(a) = 6*a - 9 - 6*a**3 + 7*a**3 - 101*a**2 + 94*a**2. Let b be 3/(-4) + (-108)/(-16). Determine g(b).
-9
Let l(m) = m**3 - 6*m**2 + 6*m + 6. Suppose 0*q + 7 = -f - 4*q, 0 = -2*f - 4*q - 2. Determine l(f).
11
Let m(y) = -y**3 - 3*y**2 + 3*y + 4. Let u(f) = 1. Let x(k) = -k + 14. Let z(r) = 2*u(r) + x(r). Let t be z(20). What is m(t)?
8
Let x(z) = -z**3 - z**2 + z - 55. Let b(l) = l**2 - 1. Let u be b(-1). Give x(u).
-55
Let t(o) = -o**2 + 4*o + 1. Suppose 0 = -k - 3*u - 4, -2*k + 2 = -5*u - 12. Suppose l - 3*i - 27 = -3*l, i + k = -l. Determine t(l).
4
Let f be (-6)/8 + 117/(-52). Let g = 1 - f. Suppose -3*n = 5*a - 29, -4*n - g + 0 = -4*a. Let d(b) = -b**2 + 4*b + 3. What is d(a)?
3
Let j(y) be the third derivative of y**6/120 + y**5/12 + y**4/4 + 5*y**3/6 - 34*y**2 + 2*y. Calculate j(-4).
-3
Let y(o) = 4*o + 2*o - 6*o + 5*o + 1. Suppose 3*p - 4*k - 2 = 20, -4*p + 26 = -2*k. Suppose 5*w - 4*v + p = -7, 4*v - 8 = 0. Determine y(w).
-4
Let k(j) = j + 2. Let w(u) = -10*u + 2. Let q(d) = 2*k(d) + w(d). Let t = 7 - 3. What is q(t)?
-26
Let r(j) = -3*j - 29. Let g(o) = o + 6. Let v(f) = 4*g(f) + r(f). Suppose 2*k = 3*k. Determine v(k).
-5
Let a be (-6)/(-15) - (-4)/(-10). Let q be (1 - -7) + -1 - a. Let i(o) be the first derivative of o**3/3 - 4*o**2 + 5*o + 344. Calculate i(q).
-2
Let n be (-13)/(-4) + (-3)/12. Suppose -n*j = -5*j + 4. Suppose -j*f - f - 5*h + 29 = 0, 12 = 3*h. Let z(v) = v**3 - 4*v**2 + 4. Give z(f).
-5
Let l(r) = 3*r + 3. Let p = 133 + 6. Let q = p + -141. Determine l(q).
-3
Let l(m) = -2*m - 2*m - 1 - 2*m. Let t be l(-1). Suppose q + 4*q + 3*j = 7, q + 3 = -t*j. Let v(d) = d**2 - d + 1. Give v(q).
3
Let s(k) = 6*k - 5 - 521*k**2 + 3*k + 523*k**2. Give s(-5).
0
Suppose -24 = -4*t - 4*q - 8, 0 = -5*t + q + 44. Suppose t = 4*r + 12. Let a(l) = -22*l - 1. What is a(r)?
21
Let s(a) = 2*a**2 + 4*a + 2. Let l(k) = -3*k**2 - 5*k - 2. Let x(d) = 3*l(d) + 4*s(d). Let w be 87/12 + (-4)/16. Let o(v) = -2*v + 12. Let t be o(w). Give x(t).
-4
Let p be 82/205 + 38/(-20) + 2. Let q(o) be the second derivative of 0*o**3 + 0 + p*o**2 + o - 1/6*o**4. Give q(-2).
-7
Let c(k) = -9*k - 32. Let f be (5/(-3))/(540/972). Give c(f).
-5
Suppose 12 = 7*c - 3*c. Let l(z) = -8*z**2 - 2*z**c + 2*z + 2 - 7*z + z**3 - 2*z. Let s be l(-7). Let p(t) = -t**3 + 1. Calculate p(s).
-7
Suppose -16 = -11*q - 49. Let o(n) = -n**3 - n**2 - 4*n. Give o(q).
30
Let i(u) = 5*u**2 + 9. Let t(q) = -3*q**2 + q - 1. Let p(f) = 7*f**2 - 3*f + 2. Let b(a) = -2*p(a) - 5*t(a). Let v(o) = 6*b(o) - i(o). Calculate v(-7).
4
Let l(q) = -q**